{"id":342176,"date":"2023-09-11T16:52:56","date_gmt":"2023-09-11T14:52:56","guid":{"rendered":"https:\/\/dev.sysvol.hu\/belso\/termek\/hegesztett-karika-20-40-mm-ath-hegesztett\/"},"modified":"2025-10-11T20:56:09","modified_gmt":"2025-10-11T18:56:09","slug":"hegesztett-karika-20-40-mm-ath-hegesztett","status":"publish","type":"product","link":"https:\/\/cipokellekek.hu\/en\/uzlet\/karikak-d-karikak-kulcskarikak\/hegesztett-karika-20-40-mm-ath-hegesztett\/","title":{"rendered":"Hegesztett karika (20-40 mm) (ATH-HEGESZTETT)"},"content":{"rendered":"<div class=\"note note-1\">A hegesztett karika ide\u00e1lis v\u00e1laszt\u00e1s t\u00e1sk\u00e1khoz, kutyafelszerel\u00e9sekhez, munkav\u00e9delmi eszk\u00f6z\u00f6kh\u00f6z.<\/div>\n<div class=\"note note-2\">A minim\u00e1lisan rendelhet\u0151 mennyis\u00e9g bizonyos sz\u00edn vagy m\u00e9ret eset\u00e9n, a gy\u00e1rt\u00e1si minimum figyelembev\u00e9tele miatt v\u00e1ltozhat.<\/div>\n<div class=\"note note-3\"><\/div>","protected":false},"excerpt":{"rendered":"<p>A hegesztett karika ide\u00e1lis v\u00e1laszt\u00e1s t\u00e1sk\u00e1khoz, kutyafelszerel\u00e9sekhez, munkav\u00e9delmi eszk\u00f6z\u00f6kh\u00f6z.<\/p>","protected":false},"featured_media":351361,"comment_status":"closed","ping_status":"closed","template":"","meta":{"_seopress_robots_primary_cat":"none","_seopress_titles_title":"Hegesztett karika (20-40 mm) (ATH-HEGESZTETT)","_seopress_titles_desc":"A hegesztett karika ide\u00e1lis v\u00e1laszt\u00e1s t\u00e1sk\u00e1khoz, kutyafelszerel\u00e9sekhez, munkav\u00e9delmi eszk\u00f6z\u00f6kh\u00f6z.","_seopress_robots_index":""},"product_brand":[],"product_cat":[2167],"product_tag":[2364,2363],"class_list":{"0":"post-342176","1":"product","2":"type-product","3":"status-publish","4":"has-post-thumbnail","6":"product_cat-karikak-d-karikak-kulcskarikak","7":"product_tag-bordiszmu-es-ruhagyartas","8":"product_tag-cipogyartas-es-cipojavitas","9":"pa_meret-1903","10":"pa_meret-1906","11":"pa_meret-1870","12":"pa_meret-1909","13":"pa_meret-1871","14":"pa_szin-arany","15":"pa_szin-bronz-antik","16":"pa_szin-bronzex","17":"pa_szin-ezust-antik","18":"pa_szin-fekete-nikkel","19":"pa_szin-fenyes-sargarez","20":"pa_szin-nikkel","21":"pa_szin-nikkel-antik","22":"pa_szin-rozsaszin-arany","23":"pa_szin-sargarez-antik","25":"first","26":"instock","27":"purchasable","28":"product-type-variable"},"_links":{"self":[{"href":"https:\/\/cipokellekek.hu\/en\/wp-json\/wp\/v2\/product\/342176","targetHints":{"allow":["GET"]}}],"collection":[{"href":"https:\/\/cipokellekek.hu\/en\/wp-json\/wp\/v2\/product"}],"about":[{"href":"https:\/\/cipokellekek.hu\/en\/wp-json\/wp\/v2\/types\/product"}],"replies":[{"embeddable":true,"href":"https:\/\/cipokellekek.hu\/en\/wp-json\/wp\/v2\/comments?post=342176"}],"wp:featuredmedia":[{"embeddable":true,"href":"https:\/\/cipokellekek.hu\/en\/wp-json\/wp\/v2\/media\/351361"}],"wp:attachment":[{"href":"https:\/\/cipokellekek.hu\/en\/wp-json\/wp\/v2\/media?parent=342176"}],"wp:term":[{"taxonomy":"product_brand","embeddable":true,"href":"https:\/\/cipokellekek.hu\/en\/wp-json\/wp\/v2\/product_brand?post=342176"},{"taxonomy":"product_cat","embeddable":true,"href":"https:\/\/cipokellekek.hu\/en\/wp-json\/wp\/v2\/product_cat?post=342176"},{"taxonomy":"product_tag","embeddable":true,"href":"https:\/\/cipokellekek.hu\/en\/wp-json\/wp\/v2\/product_tag?post=342176"}],"curies":[{"name":"wp","href":"https:\/\/api.w.org\/{rel}","templated":true}]}}

<div class="note note-1">A hegesztett karika ideális választás táskákhoz, kutyafelszerelésekhez, munkavédelmi eszközökhöz.</div>
<div class="note note-2">A minimálisan rendelhető mennyiség bizonyos szín vagy méret esetén, a gyártási minimum figyelembevétele miatt változhat.</div>
<div class="note note-3"></div>

<p>A hegesztett karika ideális választás táskákhoz, kutyafelszerelésekhez, munkavédelmi eszközökhöz.</p>

A hegesztett karika ideális választás táskákhoz, kutyafelszerelésekhez, munkavédelmi eszközökhöz.
