{"id":351843,"date":"2024-01-10T19:44:37","date_gmt":"2024-01-10T17:44:37","guid":{"rendered":"https:\/\/dev.sysvol.hu\/belso\/?page_id=351843"},"modified":"2024-01-31T19:59:31","modified_gmt":"2024-01-31T17:59:31","slug":"vasarlas-menete","status":"publish","type":"page","link":"https:\/\/cipokellekek.hu\/en\/vasarlas-menete\/","title":{"rendered":"V\u00e1s\u00e1rl\u00e1s menete"},"content":{"rendered":"<section>\n<div class=\"container\">\n<div class=\"row pt-5\">\n<div class=\"col-md-8 offset-md-2\">\n<div class=\"lc-block\">\n<div editable=\"rich\">\n<h4>K\u00edn\u00e1lat <\/h4>\n<\/p>\n<p>A Bels\u0151 \u00e9s T\u00e1rsa Kft. weboldal\u00e1n megtal\u00e1lja c\u00e9g\u00fcnk k\u00f6zel teljes term\u00e9kk\u00edn\u00e1lat\u00e1t, melyet interneten kereszt\u00fcl a web\u00e1ruh\u00e1zban, vagy szem\u00e9lyesen is megv\u00e1s\u00e1rolhat a 1152 Budapest, R\u00e1kosmez\u0151 u. 6. c\u00edm alatt. Amennyiben az \u00d6n \u00e1ltal keresett term\u00e9ket nem tal\u00e1lja honlapunkon, k\u00e9rj\u00fck vegye fel a kapcsolatot el\u00e9rhet\u0151s\u00e9geink egyik\u00e9n, mivel a weboldalunk tartalm\u00e1t az \u00e1tl\u00e1that\u00f3s\u00e1g \u00e9rdek\u00e9ben, a k\u00edn\u00e1latunk folyamatos b\u0151v\u00edt\u00e9se miatt, valamint az aktu\u00e1lis trendeknek megfelel\u0151en alak\u00edtjuk, \u00edgy biztosan vannak olyan term\u00e9kek, amelyek \u00e9ppen nem szerepelnek oldalunkon, viszont k\u00edn\u00e1latunk r\u00e9sz\u00e9t k\u00e9pezik. <\/p>\n<h4>Regisztr\u00e1ci\u00f3 <\/h4>\n<p>A web\u00e1ruh\u00e1zban az aj\u00e1nlatk\u00e9r\u00e9s vagy a megrendel\u00e9s elk\u00fcld\u00e9s\u00e9re regisztr\u00e1ci\u00f3 \u00e9s bejelentkez\u00e9s ut\u00e1n van lehet\u0151s\u00e9ge. Regisztr\u00e1lni, \u00e9s fi\u00f3kj\u00e1ba bel\u00e9pni <a href=\"\/en\/fiokom\/\">ITT <\/a>tud. <\/p>\n<p>A regisztr\u00e1ci\u00f3 sor\u00e1n a megadott lehet\u0151s\u00e9gek k\u00f6z\u00fcl k\u00e9rj\u00fck v\u00e1lassza ki az \u00d6n tev\u00e9kenys\u00e9gi ter\u00fclet\u00e9t, \u00edgy h\u00edrlev\u00e9l feliratkoz\u00e1s eset\u00e9n szem\u00e9lyre sz\u00f3l\u00f3 aj\u00e1nlatot tudunk k\u00fcldeni \u00d6nnek kiz\u00e1r\u00f3lag azokr\u00f3l a term\u00e9kekr\u0151l, amelyek relev\u00e1nsak az \u00d6n sz\u00e1m\u00e1ra. <\/p>\n<h4>Kos\u00e1r <\/h4>\n<p>A web\u00e1ruh\u00e1z k\u00edn\u00e1lat\u00e1t b\u00f6ng\u00e9szve term\u00e9keinket a megfelel\u0151 mennyis\u00e9g \u00e9s sz\u00edn kiv\u00e1laszt\u00e1s\u00e1t k\u00f6vet\u0151en tudja kosar\u00e1ba tenni. <\/p>\n<p>A kos\u00e1r lez\u00e1r\u00e1sak\u00e9nt k\u00e9t lehet\u0151s\u00e9g k\u00f6z\u00fcl v\u00e1laszthat: <\/p>\n<\/p>\n<ol>\n<li>Csak \u00e1raj\u00e1nlatot k\u00e9rek: v\u00e1lassza ezt az opci\u00f3t, ha a kos\u00e1rba tett term\u00e9kek \u00e1ra fel\u0151l \u00e9rdekl\u0151dik. Az ig\u00e9nyl\u00e9s lead\u00e1s\u00e1t k\u00f6vet\u0151en 1 munkanapon bel\u00fcl r\u00e9szletes \u00e1raj\u00e1nlatot k\u00fcld\u00fcnk a megadott e-mail c\u00edmre. K\u00e9s\u0151bb megrendel\u00e9s\u00e9t az \u00e1raj\u00e1nlat elfogad\u00e1s\u00e1val v\u00e9gleges\u00edtheti.<\/li>\n<li>Megrendelem: v\u00e1lassza ezt az opci\u00f3t, ha a term\u00e9ket m\u00e1r biztosan meg szeretn\u00e9 v\u00e1s\u00e1rolni (ismeri a term\u00e9ket, az \u00e1rakat, visszat\u00e9r\u0151 v\u00e1s\u00e1rl\u00f3 stb.)<\/li>\n<\/ol>\n<p>Ezt k\u00f6vet\u0151en az al\u00e1bbi sz\u00e1ll\u00edt\u00e1si m\u00f3dok k\u00f6z\u00fcl v\u00e1laszthat: <\/p>\n<h4>Sz\u00e1ll\u00edt\u00e1s <\/h4>\n<\/p>\n<ol>\n<li>Szem\u00e9lyes \u00e1tv\u00e9tel: a term\u00e9keket szem\u00e9lyesen is \u00e1tveheti a Bels\u0151 \u00e9s T\u00e1rsa Kft. sz\u00e9khely\u00e9n (1152 Budapest, R\u00e1kosmez\u0151 u. 6.). Ebben az esetben nincs sz\u00e1ll\u00edt\u00e1si k\u00f6lts\u00e9g.<\/li>\n<li>GLS kisz\u00e1ll\u00edt\u00e1s: a term\u00e9keket a GLS fut\u00e1rszolg\u00e1lat seg\u00edts\u00e9g\u00e9vel juttatjuk el \u00d6nh\u00f6z. A sz\u00e1ll\u00edt\u00e1si k\u00f6lts\u00e9get a csomag s\u00falya \u00e9s \u00e9rt\u00e9ke hat\u00e1rozza meg, \u00f6sszeg\u00e9t a rendel\u00e9sr\u0151l k\u00fcld\u00f6tt visszaigazol\u00e1sban t\u0171ntetj\u00fck f\u00f6l. A kisz\u00e1ll\u00edt\u00e1s a felad\u00e1st k\u00f6vet\u0151 munkanapon t\u00f6rt\u00e9nik.<\/li>\n<\/ol>\n<h4>Fizet\u00e9s <\/h4>\n<p>Fizet\u00e9s szempontj\u00e1b\u00f3l k\u00e9t lehet\u0151s\u00e9g k\u00f6z\u00fcl v\u00e1laszthat: <\/p>\n<\/p>\n<ol>\n<li>El\u0151re utal\u00e1s: a visszaigazol\u00e1sban megjel\u00f6lt \u00f6sszeg \u00e1tutal\u00e1s\u00e1t a sz\u00e1ll\u00edt\u00e1si hat\u00e1rid\u0151nek megjel\u00f6lt d\u00e1tumig bez\u00e1r\u00f3lag v\u00e1rjuk, ellenkez\u0151 esetben a megrendel\u00e9s 1 h\u00e9ten bel\u00fcl t\u00f6rl\u00e9sre ker\u00fcl. Amennyiben az utal\u00e1s munkanapon 14:00-ig be\u00e9rkezik, a csomagot m\u00e9g aznap elk\u00fcldj\u00fck, egy\u00e9b esetben m\u00e1snap ker\u00fcl felad\u00e1sra.<\/li>\n<li>Ut\u00e1nv\u00e9t: A sz\u00e1ll\u00edt\u00e1si k\u00f6lts\u00e9g mell\u00e9 a rendel\u00e9s \u00e9rt\u00e9k\u00e9nek ar\u00e1ny\u00e1ban ut\u00e1nv\u00e9teli d\u00edj ker\u00fcl felsz\u00e1m\u00edt\u00e1sra. A fut\u00e1rn\u00e1l csak k\u00e9szp\u00e9nzes fizet\u00e9sre van lehet\u0151s\u00e9g.<\/li>\n<\/ol>\n<h4>Rendel\u00e9s visszaigazol\u00e1sa <\/h4>\n<p>Az elk\u00fcld\u00f6tt megrendel\u00e9seket minden esetben 1 munkanapon bel\u00fcl feldolgozzuk, \u00e9s visszaigazoljuk. A visszaigazol\u00e1s tartalmazza a rendelt t\u00e9teleket, a sz\u00e1ll\u00edt\u00e1si k\u00f6lts\u00e9get \u00e9s a sz\u00e1ll\u00edt\u00e1s v\u00e1rhat\u00f3 d\u00e1tum\u00e1t. Amennyiben nem \u00e9rkezik meg a visszaigazol\u00e1s, k\u00e9rem, k\u00fcldj\u00f6n e-mailt a belso@belso.hu c\u00edmre, vagy h\u00edvjon minket telefonos el\u00e9rhet\u0151s\u00e9geink egyik\u00e9n. <\/p>\n<\/p>\n<\/p>\n<p>Elt\u00e9r\u0151 sz\u00e1ll\u00edt\u00e1si hat\u00e1rid\u0151vel rendelkez\u0151 term\u00e9kek egyidej\u0171 rendel\u00e9se eset\u00e9n lehet\u0151s\u00e9ge van a k\u00e9szleten l\u00e9v\u0151 term\u00e9kek azonnali sz\u00e1ll\u00edt\u00e1s\u00e1t k\u00e9rni, illetve k\u00e9rhet k\u00e9sleltetett sz\u00e1ll\u00edt\u00e1st is, ebben az esetben a megrendel\u00e9s teljes tartalm\u00e1t egyszerre adjuk fel. <\/p>\n<\/p><\/div>\n<\/p><\/div>\n<\/p><\/div>\n<\/p><\/div>\n<\/p><\/div>\n<\/section>","protected":false},"excerpt":{"rendered":"<p>K\u00edn\u00e1lat A Bels\u0151 \u00e9s T\u00e1rsa Kft. weboldal\u00e1n megtal\u00e1lja c\u00e9g\u00fcnk k\u00f6zel teljes term\u00e9kk\u00edn\u00e1lat\u00e1t, melyet interneten kereszt\u00fcl a web\u00e1ruh\u00e1zban, vagy szem\u00e9lyesen is<a class=\"more-link\" href=\"https:\/\/cipokellekek.hu\/en\/vasarlas-menete\/\">R\u00e9szletek<\/a><\/p>","protected":false},"author":1323,"featured_media":0,"parent":0,"menu_order":0,"comment_status":"closed","ping_status":"closed","template":"","meta":{"_seopress_robots_primary_cat":"","_seopress_titles_title":"","_seopress_titles_desc":"","_seopress_robots_index":"","footnotes":""},"class_list":["post-351843","page","type-page","status-publish","hentry"],"_links":{"self":[{"href":"https:\/\/cipokellekek.hu\/en\/wp-json\/wp\/v2\/pages\/351843","targetHints":{"allow":["GET"]}}],"collection":[{"href":"https:\/\/cipokellekek.hu\/en\/wp-json\/wp\/v2\/pages"}],"about":[{"href":"https:\/\/cipokellekek.hu\/en\/wp-json\/wp\/v2\/types\/page"}],"author":[{"embeddable":true,"href":"https:\/\/cipokellekek.hu\/en\/wp-json\/wp\/v2\/users\/1323"}],"replies":[{"embeddable":true,"href":"https:\/\/cipokellekek.hu\/en\/wp-json\/wp\/v2\/comments?post=351843"}],"version-history":[{"count":0,"href":"https:\/\/cipokellekek.hu\/en\/wp-json\/wp\/v2\/pages\/351843\/revisions"}],"wp:attachment":[{"href":"https:\/\/cipokellekek.hu\/en\/wp-json\/wp\/v2\/media?parent=351843"}],"curies":[{"name":"wp","href":"https:\/\/api.w.org\/{rel}","templated":true}]}}

Vásárlás menete

<section>
<div class="container">
<div class="row pt-5">
<div class="col-md-8 offset-md-2">
<div class="lc-block">
<div editable="rich">
<h4>Kínálat </h4>
</p>
<p>A Belső és Társa Kft. weboldalán megtalálja cégünk közel teljes termékkínálatát, melyet interneten keresztül a webáruházban, vagy személyesen is megvásárolhat a 1152 Budapest, Rákosmező u. 6. cím alatt. Amennyiben az Ön által keresett terméket nem találja honlapunkon, kérjük vegye fel a kapcsolatot elérhetőségeink egyikén, mivel a weboldalunk tartalmát az átláthatóság érdekében, a kínálatunk folyamatos bővítése miatt, valamint az aktuális trendeknek megfelelően alakítjuk, így biztosan vannak olyan termékek, amelyek éppen nem szerepelnek oldalunkon, viszont kínálatunk részét képezik. </p>
<h4>Regisztráció </h4>
<p>A webáruházban az ajánlatkérés vagy a megrendelés elküldésére regisztráció és bejelentkezés után van lehetősége. Regisztrálni, és fiókjába belépni <a href="/en/fiokom/">ITT </a>tud. </p>
<p>A regisztráció során a megadott lehetőségek közül kérjük válassza ki az Ön tevékenységi területét, így hírlevél feliratkozás esetén személyre szóló ajánlatot tudunk küldeni Önnek kizárólag azokról a termékekről, amelyek relevánsak az Ön számára. </p>
<h4>Kosár </h4>
<p>A webáruház kínálatát böngészve termékeinket a megfelelő mennyiség és szín kiválasztását követően tudja kosarába tenni. </p>
<p>A kosár lezárásaként két lehetőség közül választhat: </p>
</p>
<ol>
<li>Csak árajánlatot kérek: válassza ezt az opciót, ha a kosárba tett termékek ára felől érdeklődik. Az igénylés leadását követően 1 munkanapon belül részletes árajánlatot küldünk a megadott e-mail címre. Később megrendelését az árajánlat elfogadásával véglegesítheti.</li>
<li>Megrendelem: válassza ezt az opciót, ha a terméket már biztosan meg szeretné vásárolni (ismeri a terméket, az árakat, visszatérő vásárló stb.)</li>
</ol>
<p>Ezt követően az alábbi szállítási módok közül választhat: </p>
<h4>Szállítás </h4>
</p>
<ol>
<li>Személyes átvétel: a termékeket személyesen is átveheti a Belső és Társa Kft. székhelyén (1152 Budapest, Rákosmező u. 6.). Ebben az esetben nincs szállítási költség.</li>
<li>GLS kiszállítás: a termékeket a GLS futárszolgálat segítségével juttatjuk el Önhöz. A szállítási költséget a csomag súlya és értéke határozza meg, összegét a rendelésről küldött visszaigazolásban tűntetjük föl. A kiszállítás a feladást követő munkanapon történik.</li>
</ol>
<h4>Fizetés </h4>
<p>Fizetés szempontjából két lehetőség közül választhat: </p>
</p>
<ol>
<li>Előre utalás: a visszaigazolásban megjelölt összeg átutalását a szállítási határidőnek megjelölt dátumig bezárólag várjuk, ellenkező esetben a megrendelés 1 héten belül törlésre kerül. Amennyiben az utalás munkanapon 14:00-ig beérkezik, a csomagot még aznap elküldjük, egyéb esetben másnap kerül feladásra.</li>
<li>Utánvét: A szállítási költség mellé a rendelés értékének arányában utánvételi díj kerül felszámításra. A futárnál csak készpénzes fizetésre van lehetőség.</li>
</ol>
<h4>Rendelés visszaigazolása </h4>
<p>Az elküldött megrendeléseket minden esetben 1 munkanapon belül feldolgozzuk, és visszaigazoljuk. A visszaigazolás tartalmazza a rendelt tételeket, a szállítási költséget és a szállítás várható dátumát. Amennyiben nem érkezik meg a visszaigazolás, kérem, küldjön e-mailt a belso@belso.hu címre, vagy hívjon minket telefonos elérhetőségeink egyikén. </p>
</p>
</p>
<p>Eltérő szállítási határidővel rendelkező termékek egyidejű rendelése esetén lehetősége van a készleten lévő termékek azonnali szállítását kérni, illetve kérhet késleltetett szállítást is, ebben az esetben a megrendelés teljes tartalmát egyszerre adjuk fel. </p>
</p></div>
</p></div>
</p></div>
</p></div>
</p></div>
</section>

<p>Kínálat A Belső és Társa Kft. weboldalán megtalálja cégünk közel teljes termékkínálatát, melyet interneten keresztül a webáruházban, vagy személyesen is<a class="more-link" href="https://cipokellekek.hu/en/vasarlas-menete/">Részletek</a></p>
